ided by 30.
2
Calculate the remainder when 22448461 is divided by 5.
1
What is the remainder when 37702950 is divided by 566?
558
Calculate the remainder when 54795201 is divided by 92.
1
Calculate the remainder when 296969 is divided by 544.
489
Calculate the remainder when 63931021 is divided by 31965508.
5
What is the remainder when 16547663 is divided by 21?
20
What is the remainder when 638795 is divided by 9257?
62
What is the remainder when 18435 is divided by 369?
354
What is the remainder when 723570 is divided by 3119?
3081
Calculate the remainder when 250318 is divided by 1327.
842
Calculate the remainder when 1351180 is divided by 337791.
16
Calculate the remainder when 6100165 is divided by 1070.
95
Calculate the remainder when 1349948 is divided by 5232.
92
Calculate the remainder when 22047998 is divided by 179252.
2
What is the remainder when 19109 is divided by 2801?
2303
What is the remainder when 4243508 is divided by 91?
87
Calculate the remainder when 873731 is divided by 873722.
9
Calculate the remainder when 3606101 is divided by 941.
189
Calculate the remainder when 191435 is divided by 27347.
6
Calculate the remainder when 27380154 is divided by 71.
69
What is the remainder when 58407 is divided by 2068?
503
What is the remainder when 418226 is divided by 32118?
692
What is the remainder when 1781226 is divided by 293?
79
What is the remainder when 2456627 is divided by 2890?
127
Calculate the remainder when 172240573 is divided by 325.
323
Calculate the remainder when 722336 is divided by 2125.
1961
Calculate the remainder when 11525859 is divided by 5762894.
71
Calculate the remainder when 2830 is divided by 312.
22
Calculate the remainder when 770256 is divided by 192562.
8
Calculate the remainder when 338703 is divided by 84541.
539
What is the remainder when 622914 is divided by 225?
114
Calculate the remainder when 11260435 is divided by 625579.
13
Calculate the remainder when 480304 is divided by 22853.
391
What is the remainder when 1080687635 is divided by 74?
71
Calculate the remainder when 816202 is divided by 7848.
10
What is the remainder when 57529186 is divided by 6809?
6754
Calculate the remainder when 514696 is divided by 369.
310
What is the remainder when 32410 is divided by 84?
70
What is the remainder when 5531369 is divided by 85?
79
Calculate the remainder when 1041350 is divided by 1545.
20
Calculate the remainder when 11555922 is divided by 166.
164
Calculate the remainder when 3647475 is divided by 138.
135
Calculate the remainder when 21176 is divided by 21046.
130
What is the remainder when 205747 is divided by 167?
3
Calculate the remainder when 266517 is divided by 58.
7
What is the remainder when 2126537 is divided by 369?
359
Calculate the remainder when 157113181 is divided by 136.
133
Calculate the remainder when 25272989 is divided by 2297544.
5
What is the remainder when 14303 is divided by 11991?
2312
What is the remainder when 4170013 is divided by 4169789?
224
Calculate the remainder when 936660 is divided by 468327.
6
Calculate the remainder when 296298 is divided by 291564.
4734
What is the remainder when 1096019 is divided by 800?
19
Calculate the remainder when 69994946 is divided by 1797.
1796
Calculate the remainder when 32325836 is divided by 102.
98
Calculate the remainder when 22161627 is divided by 4432325.
2
Calculate the remainder when 278953 is divided by 7607.
5101
What is the remainder when 1831350 is divided by 610444?
18
Calculate the remainder when 2588711 is divided by 1294349.
13
Calculate the remainder when 392129 is divided by 295.
74
Calculate the remainder when 1354195 is divided by 3164.
3
What is the remainder when 76371 is divided by 3470?
31
What is the remainder when 60116 is divided by 4415?
2721
Calculate the remainder when 28227129 is divided by 18.
15
Calculate the remainder when 573853 is divided by 71562.
1357
What is the remainder when 15247817 is divided by 437?
13
What is the remainder when 43861941 is divided by 524?
521
Calculate the remainder when 4519573 is divided by 89.
64
What is the remainder when 131732 is divided by 14633?
35
Calculate the remainder when 423709905 is divided by 15858.
3
Calculate the remainder when 407348 is divided by 6570.
8
Calculate the remainder when 7441853 is divided by 7441793.
60
What is the remainder when 13332591 is divided by 2824?
487
What is the remainder when 83192036 is divided by 1586?
1578
What is the remainder when 1039860 is divided by 91?
3
Calculate the remainder when 91893 is divided by 413.
207
Calculate the remainder when 97390 is divided by 1456.
1294
Calculate the remainder when 124738 is divided by 27.
25
Calculate the remainder when 21881193 is divided by 9012.
57
Calculate the remainder when 875597 is divided by 7689.
6740
Calculate the remainder when 1741863 is divided by 435427.
155
What is the remainder when 6434750 is divided by 1608685?
10
What is the remainder when 3914211 is divided by 1304735?
6
Calculate the remainder when 8362145 is divided by 8056.
17
Calculate the remainder when 1762933 is divided by 428.
1
What is the remainder when 248970 is divided by 2591?
234
What is the remainder when 10895687 is divided by 11028?
23
Calculate the remainder when 18955 is divided by 4984.
4003
Calculate the remainder when 19797383 is divided by 68.
67
Calculate the remainder when 96429 is divided by 46697.
3035
Calculate the remainder when 3556888 is divided by 18429.
91
Calculate the remainder when 1709254 is divided by 39750.
4
What is the remainder when 599929 is divided by 436?
429
Calculate the remainder when 10845 is divided by 1456.
653
What is the remainder when 6450789 is divided by 460767?
51
What is the remainder when 678781 is divided by 135587?
846
Calculate the remainder when 16476422 is divided by 7.
4
What is the remainder when 1398564 is divided by 733?
0
Calculate the remainder when 1247168 is divided by 135.
38
What is the remainder when 6618499 is divided by 252?
223
What is the remainder when 127180 is divided by 42240?
460
What is the remainder when 904099 is divided by 987?
7
Calculate the remainder when 2372377 is divided by 296544.
25
What is the remainder when 24918548 is divided by 868?
4
What is the remainder when 1144884 is divided by 7199?
243
Calculate the remainder when 7289889 is divided by 898.
823
Calculate the remainder when 4067876 is divided by 403.
397
What is the remainder when 29400 is divided by 3104?
1464
What is the remainder when 7041427 is divided by 140828?
27
Calculate the remainder when 75055 is divided by 331.
249
Calculate the remainder when 13596948 is divided by 1987.
1894
Calculate the remainder when 27081 is divided by 6554.
865
What is the remainder when 4623139 is divided by 577888?
35
Calculate the remainder when 5736507 is divided by 261.
249
Calculate the remainder when 2753 is divided by 100.
53
Calculate the remainder when 204541 is divided by 1339.
1013
Calculate the remainder when 34703 is divided by 11565.
8
Calculate the remainder when 308393 is divided by 721.
526
Calculate the remainder when 7350001 is divided by 13.
9
What is the remainder when 8145357 is divided by 315?
87
Calculate the remainder when 8177373 is divided by 618.
615
Calculate the remainder when 260082 is divided by 86601.
279
What is the remainder when 5734184 is divided by 100?
84
Calculate the remainder when 86467 is divided by 21.
10
Calculate the remainder when 4992202 is divided by 69336.
10
Calculate the remainder when 1575704 is divided by 6179.
59
Calculate the remainder when 3837630 is divided by 1918807.
16
Calculate the remainder when 659036425 is divided by 29.
28
What is the remainder when 436089 is divided by 31?
12
Calculate the remainder when 41713207 is divided by 545.
542
Calculate the remainder when 2783518 is divided by 1460.
758
Calculate the remainder when 854850 is divided by 1479.
1467
Calculate the remainder when 153062051 is divided by 382.
381
Calculate the remainder when 1777398 is divided by 247.
233
What is the remainder when 184727 is divided by 3359?
3341
Calculate the remainder when 2962215 is divided by 8738.
33
Calculate the remainder when 548106 is divided by 2730.
2106
What is the remainder when 20017 is divided